{"id":1352,"date":"2026-04-02T18:37:09","date_gmt":"2026-04-02T18:37:09","guid":{"rendered":"https:\/\/gmdesign.hu\/?page_id=1352"},"modified":"2026-04-11T23:43:42","modified_gmt":"2026-04-11T23:43:42","slug":"csomagolas","status":"publish","type":"page","link":"https:\/\/gmdesign.hu\/?page_id=1352","title":{"rendered":"Csomagol\u00e1stervez\u00e9s"},"content":{"rendered":"\n<div class=\"wp-block-query is-layout-constrained wp-block-query-is-layout-constrained\"><ul class=\"columns-3 wp-block-post-template is-layout-grid wp-container-core-post-template-is-layout-2fc57c17 wp-block-post-template-is-layout-grid\"><li class=\"wp-block-post post-1204 post type-post status-publish format-standard has-post-thumbnail hentry category-arculat category-csomagolas category-portfolio tag-arculat tag-csomagolas\">\n\n<div class=\"wp-block-group is-layout-grid wp-container-core-group-is-layout-a4cfb915 wp-block-group-is-layout-grid\"><h2 class=\"has-text-align-center wp-block-post-title\"><a href=\"https:\/\/gmdesign.hu\/?p=1204\" target=\"_self\" >Veszpr\u00e9mi Opus Reservatum<\/a><\/h2>\n\n<div class=\"has-text-align-center has-link-color wp-elements-12e16b98a40917e6b2fe9f970681f5da wp-block-post-excerpt has-text-color has-cyan-bluish-gray-color\"><p class=\"wp-block-post-excerpt__excerpt\">A Veszpr\u00e9mi Pince d\u0171l\u0151szelekt\u00e1lt pr\u00e9mium v\u00f6r\u00f6sbora. <\/p><\/div>\n\n<figure style=\"aspect-ratio:1;width:90%;\" class=\"wp-block-post-featured-image\"><a href=\"https:\/\/gmdesign.hu\/?p=1204\" target=\"_self\"  ><img loading=\"lazy\" decoding=\"async\" width=\"727\" height=\"900\" src=\"https:\/\/gmdesign.hu\/wp-content\/uploads\/2026\/03\/Kekfrankos-Reserve-HR.jpg\" class=\"attachment-large size-large wp-post-image\" alt=\"Veszpr\u00e9mi Opus Reservatum\" style=\"width:100%;height:100%;object-fit:cover;\" srcset=\"https:\/\/gmdesign.hu\/wp-content\/uploads\/2026\/03\/Kekfrankos-Reserve-HR.jpg 727w, https:\/\/gmdesign.hu\/wp-content\/uploads\/2026\/03\/Kekfrankos-Reserve-HR-242x300.jpg 242w\" sizes=\"auto, (max-width: 727px) 100vw, 727px\" \/><\/a><\/figure><\/div>\n\n<\/li><li class=\"wp-block-post post-1185 post type-post status-publish format-standard has-post-thumbnail hentry category-csomagolas category-portfolio tag-csomagolas\">\n\n<div class=\"wp-block-group is-layout-grid wp-container-core-group-is-layout-a4cfb915 wp-block-group-is-layout-grid\"><h2 class=\"has-text-align-center wp-block-post-title\"><a href=\"https:\/\/gmdesign.hu\/?p=1185\" target=\"_self\" >Biovet doypack csomagol\u00e1s<\/a><\/h2>\n\n<div class=\"has-text-align-center has-link-color wp-elements-12e16b98a40917e6b2fe9f970681f5da wp-block-post-excerpt has-text-color has-cyan-bluish-gray-color\"><p class=\"wp-block-post-excerpt__excerpt\">A Bio-Vet egyre nagyobb sikerrel van jelen a bel- \u00e9s k\u00fclf\u00f6ldi piacokon. A h\u00e1zi kedvencek eg\u00e9szs\u00e9g\u00e9nek meg\u0151rz\u00e9s\u00e9r\u0151l nagyszer\u0171en gondoskodnak kiv\u00e1l\u00f3 term\u00e9keik. Ezek a legk\u00fcl\u00f6nb\u00f6z\u0151bb kiszerel\u00e9sben kaphat\u00f3ak vagy hozz\u00e1f\u00e9rhet\u0151ek az \u00e1llatorvosokn\u00e1l. <\/p><\/div>\n\n<figure style=\"aspect-ratio:1;width:90%;\" class=\"wp-block-post-featured-image\"><a href=\"https:\/\/gmdesign.hu\/?p=1185\" target=\"_self\"  ><img loading=\"lazy\" decoding=\"async\" width=\"1024\" height=\"853\" src=\"https:\/\/gmdesign.hu\/wp-content\/uploads\/2026\/03\/doypack-450150_24-cm-izulet-1024x853.jpg\" class=\"attachment-large size-large wp-post-image\" alt=\"Biovet doypack csomagol\u00e1s\" style=\"width:100%;height:100%;object-fit:cover;\" srcset=\"https:\/\/gmdesign.hu\/wp-content\/uploads\/2026\/03\/doypack-450150_24-cm-izulet-1024x853.jpg 1024w, https:\/\/gmdesign.hu\/wp-content\/uploads\/2026\/03\/doypack-450150_24-cm-izulet-300x250.jpg 300w, https:\/\/gmdesign.hu\/wp-content\/uploads\/2026\/03\/doypack-450150_24-cm-izulet-768x640.jpg 768w, https:\/\/gmdesign.hu\/wp-content\/uploads\/2026\/03\/doypack-450150_24-cm-izulet.jpg 1200w\" sizes=\"auto, (max-width: 1024px) 100vw, 1024px\" \/><\/a><\/figure><\/div>\n\n<\/li><li class=\"wp-block-post post-161 post type-post status-publish format-standard has-post-thumbnail hentry category-3d category-csomagolas category-portfolio tag-3d tag-csomagolas\">\n\n<div class=\"wp-block-group is-layout-grid wp-container-core-group-is-layout-a4cfb915 wp-block-group-is-layout-grid\"><h2 class=\"has-text-align-center wp-block-post-title\"><a href=\"https:\/\/gmdesign.hu\/?p=161\" target=\"_self\" >Milka-Roll<\/a><\/h2>\n\n<div class=\"has-text-align-center has-link-color wp-elements-12e16b98a40917e6b2fe9f970681f5da wp-block-post-excerpt has-text-color has-cyan-bluish-gray-color\"><p class=\"wp-block-post-excerpt__excerpt\">V\u00e9g\u00fcl nem val\u00f3sult meg e term\u00e9k gy\u00e1rt\u00e1sa (nem a design miatt) <\/p><\/div>\n\n<figure style=\"aspect-ratio:1;width:90%;\" class=\"wp-block-post-featured-image\"><a href=\"https:\/\/gmdesign.hu\/?p=161\" target=\"_self\"  ><img loading=\"lazy\" decoding=\"async\" width=\"640\" height=\"913\" src=\"https:\/\/gmdesign.hu\/wp-content\/uploads\/2016\/02\/MilkaRollMR.jpg\" class=\"attachment-large size-large wp-post-image\" alt=\"Milka-Roll\" style=\"width:100%;height:100%;object-fit:cover;\" \/><\/a><\/figure><\/div>\n\n<\/li><li class=\"wp-block-post post-209 post type-post status-publish format-standard has-post-thumbnail hentry category-3d category-csomagolas category-portfolio tag-3d tag-csomagolas tag-szepsegapolas\">\n\n<div class=\"wp-block-group is-layout-grid wp-container-core-group-is-layout-a4cfb915 wp-block-group-is-layout-grid\"><h2 class=\"has-text-align-center wp-block-post-title\"><a href=\"https:\/\/gmdesign.hu\/?p=209\" target=\"_self\" >Hydro-Light kozmetikai csal\u00e1d<\/a><\/h2>\n\n<div class=\"has-text-align-center has-link-color wp-elements-12e16b98a40917e6b2fe9f970681f5da wp-block-post-excerpt has-text-color has-cyan-bluish-gray-color\"><p class=\"wp-block-post-excerpt__excerpt\"> <\/p><\/div>\n\n<figure style=\"aspect-ratio:1;width:90%;\" class=\"wp-block-post-featured-image\"><a href=\"https:\/\/gmdesign.hu\/?p=209\" target=\"_self\"  ><img loading=\"lazy\" decoding=\"async\" width=\"800\" height=\"600\" src=\"https:\/\/gmdesign.hu\/wp-content\/uploads\/2016\/01\/HydroLight3D.jpg\" class=\"attachment-large size-large wp-post-image\" alt=\"Hydro-Light kozmetikai csal\u00e1d\" style=\"width:100%;height:100%;object-fit:cover;\" \/><\/a><\/figure><\/div>\n\n<\/li><li class=\"wp-block-post post-1191 post type-post status-publish format-standard has-post-thumbnail hentry category-arculat category-csomagolas category-portfolio tag-csomagolas\">\n\n<div class=\"wp-block-group is-layout-grid wp-container-core-group-is-layout-a4cfb915 wp-block-group-is-layout-grid\"><h2 class=\"has-text-align-center wp-block-post-title\"><a href=\"https:\/\/gmdesign.hu\/?p=1191\" target=\"_self\" >Immunovet EQ<\/a><\/h2>\n\n<div class=\"has-text-align-center has-link-color wp-elements-12e16b98a40917e6b2fe9f970681f5da wp-block-post-excerpt has-text-color has-cyan-bluish-gray-color\"><p class=\"wp-block-post-excerpt__excerpt\">Az Immunovet az amerikai piacon is jelen van. \u00c1llatok sz\u00e1m\u00e1ra k\u00e9sz\u00fclt \u00e9trend kieg\u00e9sz\u00edt\u0151 term\u00e9keik k\u00fcl\u00f6nb\u00f6z\u0151 &#8211; 1, 5 \u00e9s 10 kg-os &#8211; kiszerel\u00e9sben kaphat\u00f3ak. <\/p><\/div>\n\n<figure style=\"aspect-ratio:1;width:90%;\" class=\"wp-block-post-featured-image\"><a href=\"https:\/\/gmdesign.hu\/?p=1191\" target=\"_self\"  ><img loading=\"lazy\" decoding=\"async\" width=\"1000\" height=\"521\" src=\"https:\/\/gmdesign.hu\/wp-content\/uploads\/2026\/03\/EQ-US-Group1.jpg\" class=\"attachment-large size-large wp-post-image\" alt=\"Immunovet EQ\" style=\"width:100%;height:100%;object-fit:cover;\" srcset=\"https:\/\/gmdesign.hu\/wp-content\/uploads\/2026\/03\/EQ-US-Group1.jpg 1000w, https:\/\/gmdesign.hu\/wp-content\/uploads\/2026\/03\/EQ-US-Group1-300x156.jpg 300w, https:\/\/gmdesign.hu\/wp-content\/uploads\/2026\/03\/EQ-US-Group1-768x400.jpg 768w\" sizes=\"auto, (max-width: 1000px) 100vw, 1000px\" \/><\/a><\/figure><\/div>\n\n<\/li><li class=\"wp-block-post post-375 post type-post status-publish format-standard has-post-thumbnail hentry category-3d category-arculat category-csomagolas category-portfolio tag-3d tag-arculat tag-csomagolas\">\n\n<div class=\"wp-block-group is-layout-grid wp-container-core-group-is-layout-a4cfb915 wp-block-group-is-layout-grid\"><h2 class=\"has-text-align-center wp-block-post-title\"><a href=\"https:\/\/gmdesign.hu\/?p=375\" target=\"_self\" >Avemar Deutschland<\/a><\/h2>\n\n<div class=\"has-text-align-center has-link-color wp-elements-12e16b98a40917e6b2fe9f970681f5da wp-block-post-excerpt has-text-color has-cyan-bluish-gray-color\"><p class=\"wp-block-post-excerpt__excerpt\"> <\/p><\/div>\n\n<figure style=\"aspect-ratio:1;width:90%;\" class=\"wp-block-post-featured-image\"><a href=\"https:\/\/gmdesign.hu\/?p=375\" target=\"_self\"  ><img loading=\"lazy\" decoding=\"async\" width=\"1024\" height=\"756\" src=\"https:\/\/gmdesign.hu\/wp-content\/uploads\/2017\/01\/Avemar_-tablette_0.jpg\" class=\"attachment-large size-large wp-post-image\" alt=\"Avemar Deutschland\" style=\"width:100%;height:100%;object-fit:cover;\" \/><\/a><\/figure><\/div>\n\n<\/li><li class=\"wp-block-post post-2500 post type-post status-publish format-standard has-post-thumbnail hentry category-arculat category-csomagolas category-design category-portfolio tag-arculat tag-csomagolas tag-design\">\n\n<div class=\"wp-block-group is-layout-grid wp-container-core-group-is-layout-a4cfb915 wp-block-group-is-layout-grid\"><h2 class=\"has-text-align-center wp-block-post-title\"><a href=\"https:\/\/gmdesign.hu\/?p=2500\" target=\"_self\" >Aranyszarvas kolb\u00e1sz<\/a><\/h2>\n\n<div class=\"has-text-align-center has-link-color wp-elements-12e16b98a40917e6b2fe9f970681f5da wp-block-post-excerpt has-text-color has-cyan-bluish-gray-color\"><p class=\"wp-block-post-excerpt__excerpt\">A ritka bejegyz\u00e9sek egyike, amikor bemutatjuk egy term\u00e9k sz\u00fclet\u00e9s\u00e9t megel\u0151z\u0151 grafikai v\u00e1ltozatokat. Az &#8222;Aranyszarvas&#8221; pr\u00e9mium kolb\u00e1szok exkluz\u00edv piacra ker\u00fcl\u00e9s\u00e9nek sz\u00e1nd\u00e9ka olyan csomagol\u00e1st ig\u00e9nyel, mely sugallja a pr\u00e9mium min\u0151s\u00e9get. <\/p><\/div>\n\n<figure style=\"aspect-ratio:1;width:90%;\" class=\"wp-block-post-featured-image\"><a href=\"https:\/\/gmdesign.hu\/?p=2500\" target=\"_self\"  ><img loading=\"lazy\" decoding=\"async\" width=\"1024\" height=\"373\" src=\"https:\/\/gmdesign.hu\/wp-content\/uploads\/2026\/04\/Aranyszarvas10-1024x373.jpg\" class=\"attachment-large size-large wp-post-image\" alt=\"Aranyszarvas kolb\u00e1sz\" style=\"width:100%;height:100%;object-fit:cover;\" srcset=\"https:\/\/gmdesign.hu\/wp-content\/uploads\/2026\/04\/Aranyszarvas10-1024x373.jpg 1024w, https:\/\/gmdesign.hu\/wp-content\/uploads\/2026\/04\/Aranyszarvas10-300x109.jpg 300w, https:\/\/gmdesign.hu\/wp-content\/uploads\/2026\/04\/Aranyszarvas10-768x280.jpg 768w, https:\/\/gmdesign.hu\/wp-content\/uploads\/2026\/04\/Aranyszarvas10-1536x559.jpg 1536w, https:\/\/gmdesign.hu\/wp-content\/uploads\/2026\/04\/Aranyszarvas10.jpg 1711w\" sizes=\"auto, (max-width: 1024px) 100vw, 1024px\" \/><\/a><\/figure><\/div>\n\n<\/li><li class=\"wp-block-post post-1211 post type-post status-publish format-standard has-post-thumbnail hentry category-csomagolas category-portfolio tag-csomagolas\">\n\n<div class=\"wp-block-group is-layout-grid wp-container-core-group-is-layout-a4cfb915 wp-block-group-is-layout-grid\"><h2 class=\"has-text-align-center wp-block-post-title\"><a href=\"https:\/\/gmdesign.hu\/?p=1211\" target=\"_self\" >Cuki<\/a><\/h2>\n\n<div class=\"has-text-align-center has-link-color wp-elements-12e16b98a40917e6b2fe9f970681f5da wp-block-post-excerpt has-text-color has-cyan-bluish-gray-color\"><p class=\"wp-block-post-excerpt__excerpt\">Sampon kutyusk\u00e1k r\u00e9sz\u00e9re. <\/p><\/div>\n\n<figure style=\"aspect-ratio:1;width:90%;\" class=\"wp-block-post-featured-image\"><a href=\"https:\/\/gmdesign.hu\/?p=1211\" target=\"_self\"  ><img loading=\"lazy\" decoding=\"async\" width=\"762\" height=\"800\" src=\"https:\/\/gmdesign.hu\/wp-content\/uploads\/2026\/03\/sampon.jpg\" class=\"attachment-large size-large wp-post-image\" alt=\"Cuki\" style=\"width:100%;height:100%;object-fit:cover;\" srcset=\"https:\/\/gmdesign.hu\/wp-content\/uploads\/2026\/03\/sampon.jpg 762w, https:\/\/gmdesign.hu\/wp-content\/uploads\/2026\/03\/sampon-286x300.jpg 286w\" sizes=\"auto, (max-width: 762px) 100vw, 762px\" \/><\/a><\/figure><\/div>\n\n<\/li><li class=\"wp-block-post post-383 post type-post status-publish format-standard has-post-thumbnail hentry category-3d category-arculat category-csomagolas category-portfolio tag-csomagolas\">\n\n<div class=\"wp-block-group is-layout-grid wp-container-core-group-is-layout-a4cfb915 wp-block-group-is-layout-grid\"><h2 class=\"has-text-align-center wp-block-post-title\"><a href=\"https:\/\/gmdesign.hu\/?p=383\" target=\"_self\" >Veszpr\u00e9mi Pince<\/a><\/h2>\n\n<div class=\"has-text-align-center has-link-color wp-elements-12e16b98a40917e6b2fe9f970681f5da wp-block-post-excerpt has-text-color has-cyan-bluish-gray-color\"><p class=\"wp-block-post-excerpt__excerpt\">A d\u00e9lbalatoni Veszpr\u00e9mi Pince megtette a l\u00e9p\u00e9st &#8230; <\/p><\/div>\n\n<figure style=\"aspect-ratio:1;width:90%;\" class=\"wp-block-post-featured-image\"><a href=\"https:\/\/gmdesign.hu\/?p=383\" target=\"_self\"  ><img loading=\"lazy\" decoding=\"async\" width=\"1024\" height=\"572\" src=\"https:\/\/gmdesign.hu\/wp-content\/uploads\/2017\/06\/Veszpremi_0.jpg\" class=\"attachment-large size-large wp-post-image\" alt=\"Veszpr\u00e9mi Pince\" style=\"width:100%;height:100%;object-fit:cover;\" \/><\/a><\/figure><\/div>\n\n<\/li><\/ul>\n\n<nav class=\"wp-block-query-pagination is-content-justification-center is-layout-flex wp-container-core-query-pagination-is-layout-16018d1d wp-block-query-pagination-is-layout-flex\" aria-label=\"Lapoz\u00e1s\">\n\n\n<div class=\"wp-block-query-pagination-numbers\"><span aria-current=\"page\" class=\"page-numbers current\">1<\/span>\n<a class=\"page-numbers\" href=\"?query-29-page=2&#038;rest_route=%2Fwp%2Fv2%2Fpages%2F1352\">2<\/a>\n<a class=\"page-numbers\" href=\"?query-29-page=3&#038;rest_route=%2Fwp%2Fv2%2Fpages%2F1352\">3<\/a>\n<span class=\"page-numbers dots\">&hellip;<\/span>\n<a class=\"page-numbers\" href=\"?query-29-page=5&#038;rest_route=%2Fwp%2Fv2%2Fpages%2F1352\">5<\/a><\/div>\n\n<a href=\"\/index.php?rest_route=%2Fwp%2Fv2%2Fpages%2F1352&#038;query-29-page=2\" class=\"wp-block-query-pagination-next\">K\u00f6vetkez\u0151 oldal<span class='wp-block-query-pagination-next-arrow is-arrow-chevron' aria-hidden='true'>\u00bb<\/span><\/a>\n<\/nav><\/div>\n\n\n\n<hr class=\"wp-block-separator has-alpha-channel-opacity\"\/>\n\n\n\n<div class=\"wp-block-group is-layout-constrained wp-block-group-is-layout-constrained\">\n<div class=\"wp-block-buttons is-content-justification-center is-layout-flex wp-container-core-buttons-is-layout-16018d1d wp-block-buttons-is-layout-flex\">\n<div class=\"wp-block-button\"><a class=\"wp-block-button__link has-background-color has-cyan-bluish-gray-background-color has-text-color has-background has-link-color wp-element-button\" href=\"https:\/\/gmdesign.hu\/?page_id=1332\" style=\"border-top-left-radius:8px;border-top-right-radius:8px;border-bottom-left-radius:8px;border-bottom-right-radius:8px\">Arculat<\/a><\/div>\n\n\n\n<div class=\"wp-block-button\"><a class=\"wp-block-button__link has-background-color has-cyan-bluish-gray-background-color has-text-color has-background has-link-color wp-element-button\" href=\"https:\/\/gmdesign.hu\/?page_id=1352\" style=\"border-top-left-radius:7px;border-top-right-radius:7px;border-bottom-left-radius:7px;border-bottom-right-radius:7px\">Csomagol\u00e1s<\/a><\/div>\n\n\n\n<div class=\"wp-block-button\"><a class=\"wp-block-button__link has-background-color has-cyan-bluish-gray-background-color has-text-color has-background has-link-color wp-element-button\" href=\"https:\/\/gmdesign.hu\/?page_id=1356\" style=\"border-top-left-radius:8px;border-top-right-radius:8px;border-bottom-left-radius:8px;border-bottom-right-radius:8px\">3D<\/a><\/div>\n\n\n\n<div class=\"wp-block-button\"><a class=\"wp-block-button__link has-background-color has-cyan-bluish-gray-background-color has-text-color has-background has-link-color wp-element-button\" href=\"https:\/\/gmdesign.hu\/?page_id=1858\" style=\"border-top-left-radius:8px;border-top-right-radius:8px;border-bottom-left-radius:8px;border-bottom-right-radius:8px\">Logo<\/a><\/div>\n\n\n\n<div class=\"wp-block-button\"><a class=\"wp-block-button__link has-background-color has-cyan-bluish-gray-background-color has-text-color has-background has-link-color wp-element-button\" href=\"https:\/\/gmdesign.hu\/?page_id=1860\" style=\"border-top-left-radius:8px;border-top-right-radius:8px;border-bottom-left-radius:8px;border-bottom-right-radius:8px\">Print<\/a><\/div>\n\n\n\n<div class=\"wp-block-button\"><a class=\"wp-block-button__link has-background-color has-cyan-bluish-gray-background-color has-text-color has-background has-link-color wp-element-button\" href=\"https:\/\/gmdesign.hu\/?page_id=1862\" style=\"border-top-left-radius:8px;border-top-right-radius:8px;border-bottom-left-radius:8px;border-bottom-right-radius:8px\">Design<\/a><\/div>\n\n\n\n<div class=\"wp-block-button\"><a class=\"wp-block-button__link has-background-color has-cyan-bluish-gray-background-color has-text-color has-background has-link-color wp-element-button\" href=\"https:\/\/gmdesign.hu\/?page_id=1864\" style=\"border-top-left-radius:8px;border-top-right-radius:8px;border-bottom-left-radius:8px;border-bottom-right-radius:8px\">K\u00f6nyv<\/a><\/div>\n\n\n\n<div class=\"wp-block-button\"><a class=\"wp-block-button__link has-background-color has-cyan-bluish-gray-background-color has-text-color has-background has-link-color wp-element-button\" href=\"https:\/\/gmdesign.hu\/?page_id=1866\" style=\"border-top-left-radius:8px;border-top-right-radius:8px;border-bottom-left-radius:8px;border-bottom-right-radius:8px\">Web<\/a><\/div>\n\n\n\n<div class=\"wp-block-button\"><a class=\"wp-block-button__link has-background-color has-cyan-bluish-gray-background-color has-text-color has-background has-link-color wp-element-button\" href=\"https:\/\/gmdesign.hu\/?page_id=1868\" style=\"border-top-left-radius:8px;border-top-right-radius:8px;border-bottom-left-radius:8px;border-bottom-right-radius:8px\">Rekl\u00e1m<\/a><\/div>\n\n\n\n<div class=\"wp-block-button\"><a class=\"wp-block-button__link has-background-color has-cyan-bluish-gray-background-color has-text-color has-background has-link-color wp-element-button\" href=\"https:\/\/gmdesign.hu\/?page_id=1634\" style=\"border-top-left-radius:8px;border-top-right-radius:8px;border-bottom-left-radius:8px;border-bottom-right-radius:8px\">Magos Rita festm\u00e9nyek<\/a><\/div>\n\n\n\n<div class=\"wp-block-button\"><a class=\"wp-block-button__link has-background-color has-cyan-bluish-gray-background-color has-text-color has-background has-link-color wp-element-button\" href=\"https:\/\/gmdesign.hu\/?page_id=1298\" style=\"border-top-left-radius:8px;border-top-right-radius:8px;border-bottom-left-radius:8px;border-bottom-right-radius:8px\">Gil\u00e1nyi Csaba akvarell<\/a><\/div>\n<\/div>\n<\/div>\n","protected":false},"excerpt":{"rendered":"","protected":false},"author":3,"featured_media":0,"parent":0,"menu_order":0,"comment_status":"closed","ping_status":"closed","template":"","meta":{"_themeisle_gutenberg_block_has_review":false,"footnotes":""},"class_list":["post-1352","page","type-page","status-publish","hentry"],"_links":{"self":[{"href":"https:\/\/gmdesign.hu\/index.php?rest_route=\/wp\/v2\/pages\/1352","targetHints":{"allow":["GET"]}}],"collection":[{"href":"https:\/\/gmdesign.hu\/index.php?rest_route=\/wp\/v2\/pages"}],"about":[{"href":"https:\/\/gmdesign.hu\/index.php?rest_route=\/wp\/v2\/types\/page"}],"author":[{"embeddable":true,"href":"https:\/\/gmdesign.hu\/index.php?rest_route=\/wp\/v2\/users\/3"}],"replies":[{"embeddable":true,"href":"https:\/\/gmdesign.hu\/index.php?rest_route=%2Fwp%2Fv2%2Fcomments&post=1352"}],"version-history":[{"count":32,"href":"https:\/\/gmdesign.hu\/index.php?rest_route=\/wp\/v2\/pages\/1352\/revisions"}],"predecessor-version":[{"id":1986,"href":"https:\/\/gmdesign.hu\/index.php?rest_route=\/wp\/v2\/pages\/1352\/revisions\/1986"}],"wp:attachment":[{"href":"https:\/\/gmdesign.hu\/index.php?rest_route=%2Fwp%2Fv2%2Fmedia&parent=1352"}],"curies":[{"name":"wp","href":"https:\/\/api.w.org\/{rel}","templated":true}]}}