{"id":795,"date":"2024-10-04T06:27:48","date_gmt":"2024-10-04T06:27:48","guid":{"rendered":"https:\/\/gmdesign.hu\/?page_id=795"},"modified":"2026-04-10T21:36:54","modified_gmt":"2026-04-10T21:36:54","slug":"ez-az","status":"publish","type":"page","link":"https:\/\/gmdesign.hu\/?page_id=795","title":{"rendered":"ez + az"},"content":{"rendered":"\n<div class=\"wp-block-query is-layout-flow wp-block-query-is-layout-flow\"><ul class=\"gm-blog wp-block-post-template is-layout-flow wp-block-post-template-is-layout-flow\"><li class=\"wp-block-post post-1238 post type-post status-publish format-standard has-post-thumbnail hentry category-blog\">\n\n<div class=\"wp-block-columns are-vertically-aligned-center is-layout-flex wp-container-core-columns-is-layout-9d6595d7 wp-block-columns-is-layout-flex\">\n<div class=\"wp-block-column is-vertically-aligned-center is-layout-flow wp-block-column-is-layout-flow\" style=\"flex-basis:25%\"><figure class=\"wp-block-post-featured-image\"><a href=\"https:\/\/gmdesign.hu\/?p=1238\" target=\"_self\"  ><img loading=\"lazy\" decoding=\"async\" width=\"800\" height=\"600\" src=\"https:\/\/gmdesign.hu\/wp-content\/uploads\/2026\/03\/20170519_113220.jpg\" class=\"attachment-post-thumbnail size-post-thumbnail wp-post-image\" alt=\"Nyomdai effektek\" style=\"object-fit:cover;\" srcset=\"https:\/\/gmdesign.hu\/wp-content\/uploads\/2026\/03\/20170519_113220.jpg 800w, https:\/\/gmdesign.hu\/wp-content\/uploads\/2026\/03\/20170519_113220-300x225.jpg 300w, https:\/\/gmdesign.hu\/wp-content\/uploads\/2026\/03\/20170519_113220-768x576.jpg 768w\" sizes=\"auto, (max-width: 800px) 100vw, 800px\" \/><\/a><\/figure><\/div>\n\n\n\n<div class=\"wp-block-column is-vertically-aligned-center is-layout-flow wp-block-column-is-layout-flow\" style=\"flex-basis:75%\"><h2 class=\"wp-block-post-title\"><a href=\"https:\/\/gmdesign.hu\/?p=1238\" target=\"_self\" >Nyomdai effektek<\/a><\/h2>\n\n<div class=\"wp-block-post-excerpt\"><p class=\"wp-block-post-excerpt__excerpt\">A nyomdai effektek \u2013 p\u00e9ld\u00e1ul k\u00fcl\u00f6nf\u00e9le lakkok, f\u00f3li\u00e1z\u00e1sok vagy dombornyom\u00e1s \u2013 jelent\u0151sen befoly\u00e1solj\u00e1k a nyomtatott term\u00e9kek vizu\u00e1lis \u00e9s tapinthat\u00f3 min\u0151s\u00e9g\u00e9t.<\/p><p class=\"wp-block-post-excerpt__more-text\"><a class=\"wp-block-post-excerpt__more-link\" href=\"https:\/\/gmdesign.hu\/?p=1238\">tov\u00e1bb&#8230;<\/a><\/p><\/div><\/div>\n<\/div>\n\n<\/li><li class=\"wp-block-post post-381 post type-post status-publish format-standard has-post-thumbnail hentry category-blog tag-csemege tag-minoseg\">\n\n<div class=\"wp-block-columns are-vertically-aligned-center is-layout-flex wp-container-core-columns-is-layout-9d6595d7 wp-block-columns-is-layout-flex\">\n<div class=\"wp-block-column is-vertically-aligned-center is-layout-flow wp-block-column-is-layout-flow\" style=\"flex-basis:25%\"><figure class=\"wp-block-post-featured-image\"><a href=\"https:\/\/gmdesign.hu\/?p=381\" target=\"_self\"  ><img loading=\"lazy\" decoding=\"async\" width=\"1043\" height=\"743\" src=\"https:\/\/gmdesign.hu\/wp-content\/uploads\/2017\/03\/kifuto-bleed.jpg\" class=\"attachment-post-thumbnail size-post-thumbnail wp-post-image\" alt=\"Mi az a kifut\u00f3?\" style=\"object-fit:cover;\" \/><\/a><\/figure><\/div>\n\n\n\n<div class=\"wp-block-column is-vertically-aligned-center is-layout-flow wp-block-column-is-layout-flow\" style=\"flex-basis:75%\"><h2 class=\"wp-block-post-title\"><a href=\"https:\/\/gmdesign.hu\/?p=381\" target=\"_self\" >Mi az a kifut\u00f3?<\/a><\/h2>\n\n<div class=\"wp-block-post-excerpt\"><p class=\"wp-block-post-excerpt__excerpt\">A kifut\u00f3 az nem egy fiatal fick\u00f3, akit megk\u00e9r\u00fcnk, hogy szaladjon ki \u00fajs\u00e1g\u00e9rt. A kifut\u00f3 egy grafikai-nyomdaipari sz\u00fcks\u00e9gmegold\u00e1s. Az\u00e9rt alkalmazzuk, hogy a m\u00e9retre v\u00e1gott nyomdai anyagon (plak\u00e1t, sz\u00f3r\u00f3lap, prospektus, k\u00f6nyv) v\u00e9letlen\u00fcl&hellip;<\/p><p class=\"wp-block-post-excerpt__more-text\"><a class=\"wp-block-post-excerpt__more-link\" href=\"https:\/\/gmdesign.hu\/?p=381\">tov\u00e1bb&#8230;<\/a><\/p><\/div><\/div>\n<\/div>\n\n<\/li><li class=\"wp-block-post post-357 post type-post status-publish format-standard has-post-thumbnail hentry category-blog category-hirek-ujdonsagok\">\n\n<div class=\"wp-block-columns are-vertically-aligned-center is-layout-flex wp-container-core-columns-is-layout-9d6595d7 wp-block-columns-is-layout-flex\">\n<div class=\"wp-block-column is-vertically-aligned-center is-layout-flow wp-block-column-is-layout-flow\" style=\"flex-basis:25%\"><figure class=\"wp-block-post-featured-image\"><a href=\"https:\/\/gmdesign.hu\/?p=357\" target=\"_self\"  ><img loading=\"lazy\" decoding=\"async\" width=\"1200\" height=\"900\" src=\"https:\/\/gmdesign.hu\/wp-content\/uploads\/2016\/06\/Castagnet-lesson.jpg\" class=\"attachment-post-thumbnail size-post-thumbnail wp-post-image\" alt=\"Alvaro Castagnet Budapesten\" style=\"object-fit:cover;\" \/><\/a><\/figure><\/div>\n\n\n\n<div class=\"wp-block-column is-vertically-aligned-center is-layout-flow wp-block-column-is-layout-flow\" style=\"flex-basis:75%\"><h2 class=\"wp-block-post-title\"><a href=\"https:\/\/gmdesign.hu\/?p=357\" target=\"_self\" >Alvaro Castagnet Budapesten<\/a><\/h2>\n\n<div class=\"wp-block-post-excerpt\"><p class=\"wp-block-post-excerpt__excerpt\">Alvaro Castagnet vil\u00e1gh\u00edr\u0171 akvarell-fest\u0151 m\u0171v\u00e9sz tartott m\u00e1sf\u00e9l \u00f3r\u00e1s pezsg\u0151 hangulat\u00fa bemutat\u00f3t junius 4-\u00e9n, Budapesten.&nbsp;A m\u0171v\u00e9sz a n\u00e9z\u0151k\u00f6z\u00f6ns\u00e9g szeme el\u0151tt festette meg legfrisebb akvarellj\u00e9t, mik\u00f6zben technikai \u00e9s \u2013 els\u0151sorban \u2013 m\u0171v\u00e9szi kulisszatitkokat&hellip;<\/p><p class=\"wp-block-post-excerpt__more-text\"><a class=\"wp-block-post-excerpt__more-link\" href=\"https:\/\/gmdesign.hu\/?p=357\">tov\u00e1bb&#8230;<\/a><\/p><\/div><\/div>\n<\/div>\n\n<\/li><li class=\"wp-block-post post-335 post type-post status-publish format-standard has-post-thumbnail hentry category-blog tag-csemege tag-minoseg\">\n\n<div class=\"wp-block-columns are-vertically-aligned-center is-layout-flex wp-container-core-columns-is-layout-9d6595d7 wp-block-columns-is-layout-flex\">\n<div class=\"wp-block-column is-vertically-aligned-center is-layout-flow wp-block-column-is-layout-flow\" style=\"flex-basis:25%\"><figure class=\"wp-block-post-featured-image\"><a href=\"https:\/\/gmdesign.hu\/?p=335\" target=\"_self\"  ><img loading=\"lazy\" decoding=\"async\" width=\"900\" height=\"600\" src=\"https:\/\/gmdesign.hu\/wp-content\/uploads\/2016\/04\/bad-logo-title2.jpg\" class=\"attachment-post-thumbnail size-post-thumbnail wp-post-image\" alt=\"A rossz log\u00f3 10 oka.\" style=\"object-fit:cover;\" \/><\/a><\/figure><\/div>\n\n\n\n<div class=\"wp-block-column is-vertically-aligned-center is-layout-flow wp-block-column-is-layout-flow\" style=\"flex-basis:75%\"><h2 class=\"wp-block-post-title\"><a href=\"https:\/\/gmdesign.hu\/?p=335\" target=\"_self\" >A rossz log\u00f3 10 oka.<\/a><\/h2>\n\n<div class=\"wp-block-post-excerpt\"><p class=\"wp-block-post-excerpt__excerpt\">Az al\u00e1bbiakban olvashat\u00f3 n\u00e9h\u00e1ny szempont, hogyan tervezz\u00fcnk rossz log\u00f3t:<\/p><p class=\"wp-block-post-excerpt__more-text\"><a class=\"wp-block-post-excerpt__more-link\" href=\"https:\/\/gmdesign.hu\/?p=335\">tov\u00e1bb&#8230;<\/a><\/p><\/div><\/div>\n<\/div>\n\n<\/li><li class=\"wp-block-post post-280 post type-post status-publish format-standard has-post-thumbnail hentry category-blog tag-latvanytervezes\">\n\n<div class=\"wp-block-columns are-vertically-aligned-center is-layout-flex wp-container-core-columns-is-layout-9d6595d7 wp-block-columns-is-layout-flex\">\n<div class=\"wp-block-column is-vertically-aligned-center is-layout-flow wp-block-column-is-layout-flow\" style=\"flex-basis:25%\"><figure class=\"wp-block-post-featured-image\"><a href=\"https:\/\/gmdesign.hu\/?p=280\" target=\"_self\"  ><img loading=\"lazy\" decoding=\"async\" width=\"1024\" height=\"1296\" src=\"https:\/\/gmdesign.hu\/wp-content\/uploads\/2016\/03\/Before-After_0.jpg\" class=\"attachment-post-thumbnail size-post-thumbnail wp-post-image\" alt=\"Virtual vs. Reality\" style=\"object-fit:cover;\" \/><\/a><\/figure><\/div>\n\n\n\n<div class=\"wp-block-column is-vertically-aligned-center is-layout-flow wp-block-column-is-layout-flow\" style=\"flex-basis:75%\"><h2 class=\"wp-block-post-title\"><a href=\"https:\/\/gmdesign.hu\/?p=280\" target=\"_self\" >Virtual vs. Reality<\/a><\/h2>\n\n<div class=\"wp-block-post-excerpt\"><p class=\"wp-block-post-excerpt__excerpt\">A Biropharma partner\u00fcnk szerette volna l\u00e1tni, mire sz\u00e1m\u00edthat, ez\u00e9rt a sv\u00e1jci ki\u00e1ll\u00edt\u00e1si standja l\u00e1tv\u00e1nyterv\u00e9nek elk\u00e9sz\u00edt\u00e9s\u00e9t k\u00e9rte t\u0151l\u00fcnk. A stand, a b\u00fatorok, az install\u00e1ci\u00f3 stb adott volt. A fels\u0151 k\u00e9pen l\u00e1that\u00f3 a&hellip;<\/p><p class=\"wp-block-post-excerpt__more-text\"><a class=\"wp-block-post-excerpt__more-link\" href=\"https:\/\/gmdesign.hu\/?p=280\">tov\u00e1bb&#8230;<\/a><\/p><\/div><\/div>\n<\/div>\n\n<\/li><li class=\"wp-block-post post-365 post type-post status-publish format-standard has-post-thumbnail hentry category-blog category-hirek-ujdonsagok\">\n\n<div class=\"wp-block-columns are-vertically-aligned-center is-layout-flex wp-container-core-columns-is-layout-9d6595d7 wp-block-columns-is-layout-flex\">\n<div class=\"wp-block-column is-vertically-aligned-center is-layout-flow wp-block-column-is-layout-flow\" style=\"flex-basis:25%\"><figure class=\"wp-block-post-featured-image\"><a href=\"https:\/\/gmdesign.hu\/?p=365\" target=\"_self\"  ><img loading=\"lazy\" decoding=\"async\" width=\"1189\" height=\"868\" src=\"https:\/\/gmdesign.hu\/wp-content\/uploads\/2016\/11\/Mediabo.png\" class=\"attachment-post-thumbnail size-post-thumbnail wp-post-image\" alt=\"Mediabo\" style=\"object-fit:cover;\" \/><\/a><\/figure><\/div>\n\n\n\n<div class=\"wp-block-column is-vertically-aligned-center is-layout-flow wp-block-column-is-layout-flow\" style=\"flex-basis:75%\"><h2 class=\"wp-block-post-title\"><a href=\"https:\/\/gmdesign.hu\/?p=365\" target=\"_self\" >Mediabo<\/a><\/h2>\n\n<div class=\"wp-block-post-excerpt\"><p class=\"wp-block-post-excerpt__excerpt\">Szeretn\u00e9, ha valaki fogn\u00e1 a kez\u00e9t, amikor web\u00e1ruh\u00e1zat nyit vagy \u00faj honlapot tervez? Mediabo.&nbsp; Az elm\u00falt \u00e9vek egy\u00e9rtelm\u0171en az E-kereskedelem fejl\u0151d\u00e9s\u00e9r\u0151l sz\u00f3lnak m\u00e1r Magyarorsz\u00e1gon is. Ennek k\u00f6sz\u00f6nhet\u0151en \u00e9vr\u0151l \u00e9vre 30 milli\u00e1rd&hellip;<\/p><p class=\"wp-block-post-excerpt__more-text\"><a class=\"wp-block-post-excerpt__more-link\" href=\"https:\/\/gmdesign.hu\/?p=365\">tov\u00e1bb&#8230;<\/a><\/p><\/div><\/div>\n<\/div>\n\n<\/li><li class=\"wp-block-post post-363 post type-post status-publish format-standard has-post-thumbnail hentry category-blog category-hirek-ujdonsagok\">\n\n<div class=\"wp-block-columns are-vertically-aligned-center is-layout-flex wp-container-core-columns-is-layout-9d6595d7 wp-block-columns-is-layout-flex\">\n<div class=\"wp-block-column is-vertically-aligned-center is-layout-flow wp-block-column-is-layout-flow\" style=\"flex-basis:25%\"><figure class=\"wp-block-post-featured-image\"><a href=\"https:\/\/gmdesign.hu\/?p=363\" target=\"_self\"  ><img loading=\"lazy\" decoding=\"async\" width=\"1200\" height=\"900\" src=\"https:\/\/gmdesign.hu\/wp-content\/uploads\/2016\/11\/webshop-shoprenter.jpg\" class=\"attachment-post-thumbnail size-post-thumbnail wp-post-image\" alt=\"El\u0151ad\u00e1s a web\u00e1ruh\u00e1zakr\u00f3l\" style=\"object-fit:cover;\" \/><\/a><\/figure><\/div>\n\n\n\n<div class=\"wp-block-column is-vertically-aligned-center is-layout-flow wp-block-column-is-layout-flow\" style=\"flex-basis:75%\"><h2 class=\"wp-block-post-title\"><a href=\"https:\/\/gmdesign.hu\/?p=363\" target=\"_self\" >El\u0151ad\u00e1s a web\u00e1ruh\u00e1zakr\u00f3l<\/a><\/h2>\n\n<div class=\"wp-block-post-excerpt\"><p class=\"wp-block-post-excerpt__excerpt\">Nagyszer\u0171 el\u0151ad\u00e1st tartott Kulcs\u00e1r Istv\u00e1n R\u00f3bert (WebShop Experts) a Lurdy Mozi moziterm\u00e9ben a web\u00e1ruh\u00e1z ind\u00edt\u00e1s alapjair\u00f3l, alapvet\u0151 tudnival\u00f3kr\u00f3l \u00e9s kulisszatitkokr\u00f3l. B\u00e1r mi nem sz\u00e1nd\u00e9kozuk webshopot nyitni, \u00e9rdemes volt ell\u00e1togatni az eg\u00e9sz&hellip;<\/p><p class=\"wp-block-post-excerpt__more-text\"><a class=\"wp-block-post-excerpt__more-link\" href=\"https:\/\/gmdesign.hu\/?p=363\">tov\u00e1bb&#8230;<\/a><\/p><\/div><\/div>\n<\/div>\n\n<\/li><li class=\"wp-block-post post-95 post type-post status-publish format-standard has-post-thumbnail hentry category-blog\">\n\n<div class=\"wp-block-columns are-vertically-aligned-center is-layout-flex wp-container-core-columns-is-layout-9d6595d7 wp-block-columns-is-layout-flex\">\n<div class=\"wp-block-column is-vertically-aligned-center is-layout-flow wp-block-column-is-layout-flow\" style=\"flex-basis:25%\"><figure class=\"wp-block-post-featured-image\"><a href=\"https:\/\/gmdesign.hu\/?p=95\" target=\"_self\"  ><img loading=\"lazy\" decoding=\"async\" width=\"994\" height=\"118\" src=\"https:\/\/gmdesign.hu\/wp-content\/uploads\/2026\/03\/Doodle-banner.png\" class=\"attachment-post-thumbnail size-post-thumbnail wp-post-image\" alt=\"gmdesign\" style=\"object-fit:cover;\" srcset=\"https:\/\/gmdesign.hu\/wp-content\/uploads\/2026\/03\/Doodle-banner.png 994w, https:\/\/gmdesign.hu\/wp-content\/uploads\/2026\/03\/Doodle-banner-300x36.png 300w, https:\/\/gmdesign.hu\/wp-content\/uploads\/2026\/03\/Doodle-banner-768x91.png 768w\" sizes=\"auto, (max-width: 994px) 100vw, 994px\" \/><\/a><\/figure><\/div>\n\n\n\n<div class=\"wp-block-column is-vertically-aligned-center is-layout-flow wp-block-column-is-layout-flow\" style=\"flex-basis:75%\"><h2 class=\"wp-block-post-title\"><a href=\"https:\/\/gmdesign.hu\/?p=95\" target=\"_self\" >gmdesign<\/a><\/h2>\n\n<div class=\"wp-block-post-excerpt\"><p class=\"wp-block-post-excerpt__excerpt\">Idestova 35 \u00e9ve haszn\u00e1ljuk a &#8222;gmdesign&#8221; kifejez\u00e9st, els\u0151sorban ez a domain-nev\u00fcnk az\u00f3ta, ez \u00e1ll az email c\u00edm\u00fcnkben is.<\/p><p class=\"wp-block-post-excerpt__more-text\"><a class=\"wp-block-post-excerpt__more-link\" href=\"https:\/\/gmdesign.hu\/?p=95\">tov\u00e1bb&#8230;<\/a><\/p><\/div><\/div>\n<\/div>\n\n<\/li><li class=\"wp-block-post post-361 post type-post status-publish format-standard has-post-thumbnail hentry category-blog category-hirek-ujdonsagok\">\n\n<div class=\"wp-block-columns are-vertically-aligned-center is-layout-flex wp-container-core-columns-is-layout-9d6595d7 wp-block-columns-is-layout-flex\">\n<div class=\"wp-block-column is-vertically-aligned-center is-layout-flow wp-block-column-is-layout-flow\" style=\"flex-basis:25%\"><figure class=\"wp-block-post-featured-image\"><a href=\"https:\/\/gmdesign.hu\/?p=361\" target=\"_self\"  ><img loading=\"lazy\" decoding=\"async\" width=\"500\" height=\"236\" src=\"https:\/\/gmdesign.hu\/wp-content\/uploads\/2016\/11\/AveWelt_video_index.jpg\" class=\"attachment-post-thumbnail size-post-thumbnail wp-post-image\" alt=\"Rekl\u00e1mfilm 3D anim\u00e1ci\u00f3val\" style=\"object-fit:cover;\" \/><\/a><\/figure><\/div>\n\n\n\n<div class=\"wp-block-column is-vertically-aligned-center is-layout-flow wp-block-column-is-layout-flow\" style=\"flex-basis:75%\"><h2 class=\"wp-block-post-title\"><a href=\"https:\/\/gmdesign.hu\/?p=361\" target=\"_self\" >Rekl\u00e1mfilm 3D anim\u00e1ci\u00f3val<\/a><\/h2>\n\n<div class=\"wp-block-post-excerpt\"><p class=\"wp-block-post-excerpt__excerpt\">A 3D term\u00e9ktervez\u00e9s eredm\u00e9nye nem csak \u00e1ll\u00f3 k\u00e9p lehet. Az \u00e1llom\u00e1ny lehet\u0151s\u00e9get ad arra, hogy a term\u00e9ket \u2013 ak\u00e1r l\u00e9tezik, ak\u00e1r nem \u2013 mozg\u00e1sban l\u00e1ttassuk. Ehhez megfelel\u0151 anim\u00e1ci\u00f3s munka sz\u00fcks\u00e9ges \u00e9s&hellip;<\/p><p class=\"wp-block-post-excerpt__more-text\"><a class=\"wp-block-post-excerpt__more-link\" href=\"https:\/\/gmdesign.hu\/?p=361\">tov\u00e1bb&#8230;<\/a><\/p><\/div><\/div>\n<\/div>\n\n<\/li><li class=\"wp-block-post post-337 post type-post status-publish format-standard has-post-thumbnail hentry category-blog category-hirek-ujdonsagok\">\n\n<div class=\"wp-block-columns are-vertically-aligned-center is-layout-flex wp-container-core-columns-is-layout-9d6595d7 wp-block-columns-is-layout-flex\">\n<div class=\"wp-block-column is-vertically-aligned-center is-layout-flow wp-block-column-is-layout-flow\" style=\"flex-basis:25%\"><figure class=\"wp-block-post-featured-image\"><a href=\"https:\/\/gmdesign.hu\/?p=337\" target=\"_self\"  ><img loading=\"lazy\" decoding=\"async\" width=\"960\" height=\"682\" src=\"https:\/\/gmdesign.hu\/wp-content\/uploads\/2016\/05\/20160512_103211.jpg\" class=\"attachment-post-thumbnail size-post-thumbnail wp-post-image\" alt=\"Vizu\u00e1lis M\u0171hely \u2013 Autodesk 3D\" style=\"object-fit:cover;\" \/><\/a><\/figure><\/div>\n\n\n\n<div class=\"wp-block-column is-vertically-aligned-center is-layout-flow wp-block-column-is-layout-flow\" style=\"flex-basis:75%\"><h2 class=\"wp-block-post-title\"><a href=\"https:\/\/gmdesign.hu\/?p=337\" target=\"_self\" >Vizu\u00e1lis M\u0171hely \u2013 Autodesk 3D<\/a><\/h2>\n\n<div class=\"wp-block-post-excerpt\"><p class=\"wp-block-post-excerpt__excerpt\">A Leonardo SNS \u00e9s az Autodesk szervez\u00e9s\u00e9ben ism\u00e9t megrendez\u00e9sre ker\u00fclt a Vizu\u00e1lis M\u0171hely nev\u0171 rendezv\u00e9ny. A legfrissebb szoftververzi\u00f3k (3ds Max, Maya, Shotgun, Stringray, V-ray) mellett a legig\u00e9nyesebb hazai produkci\u00f3kat ismerhett\u00fck meg.&hellip;<\/p><p class=\"wp-block-post-excerpt__more-text\"><a class=\"wp-block-post-excerpt__more-link\" href=\"https:\/\/gmdesign.hu\/?p=337\">tov\u00e1bb&#8230;<\/a><\/p><\/div><\/div>\n<\/div>\n\n<\/li><\/ul>\n\n<nav class=\"wp-block-query-pagination is-layout-flex wp-block-query-pagination-is-layout-flex\" aria-label=\"Lapoz\u00e1s\">\n\n\n<div class=\"wp-block-query-pagination-numbers\"><span aria-current=\"page\" class=\"page-numbers current\">1<\/span>\n<a class=\"page-numbers\" href=\"?query-24-page=2&#038;rest_route=%2Fwp%2Fv2%2Fpages%2F795\">2<\/a>\n<a class=\"page-numbers\" href=\"?query-24-page=3&#038;rest_route=%2Fwp%2Fv2%2Fpages%2F795\">3<\/a><\/div>\n\n<a href=\"\/index.php?rest_route=%2Fwp%2Fv2%2Fpages%2F795&#038;query-24-page=2\" class=\"wp-block-query-pagination-next\">K\u00f6vetkez\u0151 oldal<\/a>\n<\/nav><\/div>\n","protected":false},"excerpt":{"rendered":"","protected":false},"author":3,"featured_media":0,"parent":0,"menu_order":0,"comment_status":"closed","ping_status":"closed","template":"","meta":{"_themeisle_gutenberg_block_has_review":false,"footnotes":""},"class_list":["post-795","page","type-page","status-publish","hentry"],"_links":{"self":[{"href":"https:\/\/gmdesign.hu\/index.php?rest_route=\/wp\/v2\/pages\/795","targetHints":{"allow":["GET"]}}],"collection":[{"href":"https:\/\/gmdesign.hu\/index.php?rest_route=\/wp\/v2\/pages"}],"about":[{"href":"https:\/\/gmdesign.hu\/index.php?rest_route=\/wp\/v2\/types\/page"}],"author":[{"embeddable":true,"href":"https:\/\/gmdesign.hu\/index.php?rest_route=\/wp\/v2\/users\/3"}],"replies":[{"embeddable":true,"href":"https:\/\/gmdesign.hu\/index.php?rest_route=%2Fwp%2Fv2%2Fcomments&post=795"}],"version-history":[{"count":5,"href":"https:\/\/gmdesign.hu\/index.php?rest_route=\/wp\/v2\/pages\/795\/revisions"}],"predecessor-version":[{"id":1203,"href":"https:\/\/gmdesign.hu\/index.php?rest_route=\/wp\/v2\/pages\/795\/revisions\/1203"}],"wp:attachment":[{"href":"https:\/\/gmdesign.hu\/index.php?rest_route=%2Fwp%2Fv2%2Fmedia&parent=795"}],"curies":[{"name":"wp","href":"https:\/\/api.w.org\/{rel}","templated":true}]}}